{"id":29,"date":"2026-04-10T10:00:43","date_gmt":"2026-04-10T10:00:43","guid":{"rendered":"https:\/\/mobilbizim.net\/?page_id=29"},"modified":"2026-04-10T10:00:51","modified_gmt":"2026-04-10T10:00:51","slug":"mobilbizim-net-ucretsiz-mobil-sohbet-odalari","status":"publish","type":"page","link":"https:\/\/mobilbizim.net\/?page_id=29","title":{"rendered":"MobilBizim.net \u2013 \u00dccretsiz Mobil Sohbet Odalar\u0131"},"content":{"rendered":"<p><a href=\"http:\/\/Mobilbizim.net\">MobilBizim.net<\/a>, \u00fccretsiz ve mobil uyumlu sohbet odalar\u0131 sunan bir sohbet sitesidir. \u00dcye olmadan h\u0131zl\u0131 giri\u015f yapabilir, yeni insanlarla tan\u0131\u015fabilir ve keyifli sohbet edebilirsiniz. Her yerden kolayca eri\u015fim sa\u011flayarak an\u0131nda sohbete ba\u015flayabilirsiniz.<\/p>\n","protected":false},"excerpt":{"rendered":"<p>MobilBizim.net, \u00fccretsiz ve mobil uyumlu sohbet odalar\u0131 sunan bir sohbet sitesidir. \u00dcye olmadan h\u0131zl\u0131 giri\u015f yapabilir, yeni insanlarla tan\u0131\u015fabilir ve keyifli sohbet edebilirsiniz. Her yerden kolayca eri\u015fim sa\u011flayarak an\u0131nda sohbete ba\u015flayabilirsiniz.<\/p>\n","protected":false},"author":1,"featured_media":9,"parent":0,"menu_order":0,"comment_status":"closed","ping_status":"closed","template":"","meta":{"footnotes":""},"class_list":["post-29","page","type-page","status-publish","has-post-thumbnail","hentry"],"aioseo_notices":[],"_links":{"self":[{"href":"https:\/\/mobilbizim.net\/index.php?rest_route=\/wp\/v2\/pages\/29","targetHints":{"allow":["GET"]}}],"collection":[{"href":"https:\/\/mobilbizim.net\/index.php?rest_route=\/wp\/v2\/pages"}],"about":[{"href":"https:\/\/mobilbizim.net\/index.php?rest_route=\/wp\/v2\/types\/page"}],"author":[{"embeddable":true,"href":"https:\/\/mobilbizim.net\/index.php?rest_route=\/wp\/v2\/users\/1"}],"replies":[{"embeddable":true,"href":"https:\/\/mobilbizim.net\/index.php?rest_route=%2Fwp%2Fv2%2Fcomments&post=29"}],"version-history":[{"count":1,"href":"https:\/\/mobilbizim.net\/index.php?rest_route=\/wp\/v2\/pages\/29\/revisions"}],"predecessor-version":[{"id":30,"href":"https:\/\/mobilbizim.net\/index.php?rest_route=\/wp\/v2\/pages\/29\/revisions\/30"}],"wp:featuredmedia":[{"embeddable":true,"href":"https:\/\/mobilbizim.net\/index.php?rest_route=\/wp\/v2\/media\/9"}],"wp:attachment":[{"href":"https:\/\/mobilbizim.net\/index.php?rest_route=%2Fwp%2Fv2%2Fmedia&parent=29"}],"curies":[{"name":"wp","href":"https:\/\/api.w.org\/{rel}","templated":true}]}}